CRAN Package Check Results for Package RcmdrPlugin.RiskDemo

Last updated on 2020-12-04 00:48:31 CET.

Flavor Version Tinstall Tcheck Ttotal Status Flags
r-devel-linux-x86_64-debian-clang 2.0 18.06 183.18 201.24 OK
r-devel-linux-x86_64-debian-gcc 2.0 22.67 141.29 163.96 OK
r-devel-linux-x86_64-fedora-clang 2.0 264.18 OK
r-devel-linux-x86_64-fedora-gcc 2.0 268.88 OK
r-devel-windows-ix86+x86_64 2.0 54.00 214.00 268.00 OK
r-patched-linux-x86_64 2.0 21.03 171.44 192.47 OK
r-patched-solaris-x86 2.0 339.80 NOTE
r-release-linux-x86_64 2.0 17.87 171.84 189.71 OK
r-release-macos-x86_64 2.0 OK
r-release-windows-ix86+x86_64 2.0 42.00 154.00 196.00 OK
r-oldrel-macos-x86_64 2.0 WARN
r-oldrel-windows-ix86+x86_64 2.0 46.00 187.00 233.00 OK

Check Details

Version: 2.0
Check: installed package size
Result: NOTE
     installed size is 5.4Mb
     sub-directories of 1Mb or more:
     data 5.1Mb
Flavor: r-patched-solaris-x86

Version: 2.0
Check: whether package can be installed
Result: WARN
    Found the following significant warnings:
     Warning: 'rgl_init' failed, running with rgl.useNULL = TRUE
Flavor: r-oldrel-macos-x86_64