CRAN Package Check Results for Package RcmdrPlugin.PcaRobust

Last updated on 2020-12-04 00:48:31 CET.

Flavor Version Tinstall Tcheck Ttotal Status Flags
r-devel-linux-x86_64-debian-clang 1.1.4 18.21 126.59 144.80 OK
r-devel-linux-x86_64-debian-gcc 1.1.4 15.08 99.89 114.97 OK
r-devel-linux-x86_64-fedora-clang 1.1.4 184.65 OK
r-devel-linux-x86_64-fedora-gcc 1.1.4 182.85 OK
r-devel-windows-ix86+x86_64 1.1.4 37.00 151.00 188.00 OK
r-patched-linux-x86_64 1.1.4 13.08 118.82 131.90 OK
r-patched-solaris-x86 1.1.4 290.40 OK
r-release-linux-x86_64 1.1.4 12.69 119.04 131.73 OK
r-release-macos-x86_64 1.1.4 OK
r-release-windows-ix86+x86_64 1.1.4 29.00 114.00 143.00 OK
r-oldrel-macos-x86_64 1.1.4 FAIL
r-oldrel-windows-ix86+x86_64 1.1.4 33.00 138.00 171.00 OK

Check Details

Version: 1.1.4
Check: whether package can be installed
Result: FAIL
Flavor: r-oldrel-macos-x86_64