CRAN Package Check Results for Package RcmdrPlugin.EZR

Last updated on 2020-12-04 00:48:31 CET.

Flavor Version Tinstall Tcheck Ttotal Status Flags
r-devel-linux-x86_64-debian-clang 1.53 53.55 227.38 280.93 OK
r-devel-linux-x86_64-debian-gcc 1.53 40.17 172.69 212.86 OK
r-devel-linux-x86_64-fedora-clang 1.53 352.11 OK
r-devel-linux-x86_64-fedora-gcc 1.53 369.84 OK
r-devel-windows-ix86+x86_64 1.53 71.00 209.00 280.00 OK
r-patched-linux-x86_64 1.53 40.23 206.69 246.92 OK
r-patched-solaris-x86 1.53 502.80 OK
r-release-linux-x86_64 1.53 38.01 207.05 245.06 OK
r-release-macos-x86_64 1.53 OK
r-release-windows-ix86+x86_64 1.53 47.00 157.00 204.00 OK
r-oldrel-macos-x86_64 1.53 WARN
r-oldrel-windows-ix86+x86_64 1.53 67.00 197.00 264.00 OK

Check Details

Version: 1.53
Check: whether package can be installed
Result: WARN
    Found the following significant warnings:
     Warning: 'rgl.init' failed, running with 'rgl.useNULL = TRUE'.
Flavor: r-oldrel-macos-x86_64

Version: 1.53
Check: dependencies in R code
Result: NOTE
    No protocol specified
    No protocol specified
Flavor: r-oldrel-macos-x86_64

Version: 1.53
Check: S3 generic/method consistency
Result: WARN
    No protocol specified
    No protocol specified
    See section ‘Generic functions and methods’ in the ‘Writing R
    Extensions’ manual.
Flavor: r-oldrel-macos-x86_64

Version: 1.53
Check: replacement functions
Result: WARN
    No protocol specified
    No protocol specified
    The argument of a replacement function which corresponds to the right
    hand side must be named ‘value’.
Flavor: r-oldrel-macos-x86_64

Version: 1.53
Check: foreign function calls
Result: NOTE
    No protocol specified
    No protocol specified
    See chapter ‘System and foreign language interfaces’ in the ‘Writing R
    Extensions’ manual.
Flavor: r-oldrel-macos-x86_64

Version: 1.53
Check: R code for possible problems
Result: NOTE
    No protocol specified
    No protocol specified
Flavor: r-oldrel-macos-x86_64

Version: 1.53
Check: for missing documentation entries
Result: WARN
    No protocol specified
    No protocol specified
    All user-level objects in a package should have documentation entries.
    See chapter ‘Writing R documentation files’ in the ‘Writing R
    Extensions’ manual.
Flavor: r-oldrel-macos-x86_64

Version: 1.53
Check: for code/documentation mismatches
Result: WARN
    No protocol specified
    No protocol specified
    No protocol specified
    No protocol specified
    No protocol specified
    No protocol specified
Flavor: r-oldrel-macos-x86_64

Version: 1.53
Check: Rd \usage sections
Result: NOTE
    No protocol specified
    No protocol specified
    The \usage entries for S3 methods should use the \method markup and not
    their full name.
    See chapter ‘Writing R documentation files’ in the ‘Writing R
    Extensions’ manual.
Flavor: r-oldrel-macos-x86_64