CRAN Package Check Results for Package RcmdrPlugin.BWS1

Last updated on 2020-12-04 00:48:31 CET.

Flavor Version Tinstall Tcheck Ttotal Status Flags
r-devel-linux-x86_64-debian-clang 0.1-3 18.35 144.62 162.97 OK
r-devel-linux-x86_64-debian-gcc 0.1-3 16.95 110.43 127.38 OK
r-devel-linux-x86_64-fedora-clang 0.1-3 210.58 OK
r-devel-linux-x86_64-fedora-gcc 0.1-3 203.84 OK
r-devel-windows-ix86+x86_64 0.1-3 41.00 163.00 204.00 OK
r-patched-linux-x86_64 0.1-3 16.12 135.08 151.20 OK
r-patched-solaris-x86 0.1-3 307.40 OK
r-release-linux-x86_64 0.1-3 13.94 134.32 148.26 OK
r-release-macos-x86_64 0.1-3 OK
r-release-windows-ix86+x86_64 0.1-3 35.00 124.00 159.00 OK
r-oldrel-macos-x86_64 0.1-3 WARN
r-oldrel-windows-ix86+x86_64 0.1-3 39.00 155.00 194.00 OK

Check Details

Version: 0.1-3
Check: dependencies in R code
Result: NOTE
    No protocol specified
    No protocol specified
Flavor: r-oldrel-macos-x86_64

Version: 0.1-3
Check: S3 generic/method consistency
Result: WARN
    No protocol specified
    No protocol specified
    See section ‘Generic functions and methods’ in the ‘Writing R
    Extensions’ manual.
Flavor: r-oldrel-macos-x86_64

Version: 0.1-3
Check: replacement functions
Result: WARN
    No protocol specified
    No protocol specified
    The argument of a replacement function which corresponds to the right
    hand side must be named ‘value’.
Flavor: r-oldrel-macos-x86_64

Version: 0.1-3
Check: foreign function calls
Result: NOTE
    No protocol specified
    No protocol specified
    See chapter ‘System and foreign language interfaces’ in the ‘Writing R
    Extensions’ manual.
Flavor: r-oldrel-macos-x86_64

Version: 0.1-3
Check: R code for possible problems
Result: NOTE
    No protocol specified
    No protocol specified
Flavor: r-oldrel-macos-x86_64

Version: 0.1-3
Check: for missing documentation entries
Result: WARN
    No protocol specified
    No protocol specified
    All user-level objects in a package should have documentation entries.
    See chapter ‘Writing R documentation files’ in the ‘Writing R
    Extensions’ manual.
Flavor: r-oldrel-macos-x86_64

Version: 0.1-3
Check: for code/documentation mismatches
Result: WARN
    No protocol specified
    No protocol specified
    No protocol specified
    No protocol specified
    No protocol specified
    No protocol specified
Flavor: r-oldrel-macos-x86_64

Version: 0.1-3
Check: Rd \usage sections
Result: NOTE
    No protocol specified
    No protocol specified
    The \usage entries for S3 methods should use the \method markup and not
    their full name.
    See chapter ‘Writing R documentation files’ in the ‘Writing R
    Extensions’ manual.
Flavor: r-oldrel-macos-x86_64