CRAN Package Check Results for Package Ravages

Last updated on 2020-12-04 00:48:31 CET.

Flavor Version Tinstall Tcheck Ttotal Status Flags
r-devel-linux-x86_64-debian-clang 0.1.1 260.73 149.64 410.37 OK
r-devel-linux-x86_64-debian-gcc 0.1.1 170.03 116.82 286.85 OK
r-devel-linux-x86_64-fedora-clang 0.1.1 594.45 NOTE
r-devel-linux-x86_64-fedora-gcc 0.1.1 531.18 OK
r-devel-windows-ix86+x86_64 0.1.1 584.00 254.00 838.00 NOTE
r-patched-linux-x86_64 0.1.1 201.70 145.43 347.13 OK
r-patched-solaris-x86 0.1.1 603.50 NOTE
r-release-linux-x86_64 0.1.1 202.34 146.06 348.40 OK
r-release-macos-x86_64 0.1.1 NOTE
r-release-windows-ix86+x86_64 0.1.1 429.00 265.00 694.00 NOTE
r-oldrel-macos-x86_64 0.1.1 NOTE
r-oldrel-windows-ix86+x86_64 0.1.1 441.00 235.00 676.00 NOTE

Additional issues

clang-UBSAN

Check Details

Version: 0.1.1
Check: installed package size
Result: NOTE
     installed size is 20.6Mb
     sub-directories of 1Mb or more:
     data 7.2Mb
     libs 12.9Mb
Flavors: r-devel-linux-x86_64-fedora-clang, r-devel-windows-ix86+x86_64, r-patched-solaris-x86, r-release-macos-x86_64, r-release-windows-ix86+x86_64, r-oldrel-macos-x86_64, r-oldrel-windows-ix86+x86_64