CRAN Package Check Results for Package RatingScaleReduction

Last updated on 2020-12-04 00:48:31 CET.

Flavor Version Tinstall Tcheck Ttotal Status Flags
r-devel-linux-x86_64-debian-clang 1.2.2 5.61 44.02 49.63 ERROR
r-devel-linux-x86_64-debian-gcc 1.2.2 4.88 35.37 40.25 ERROR
r-devel-linux-x86_64-fedora-clang 1.2.2 64.16 ERROR
r-devel-linux-x86_64-fedora-gcc 1.2.2 58.50 ERROR
r-devel-windows-ix86+x86_64 1.2.2 14.00 62.00 76.00 ERROR
r-patched-linux-x86_64 1.2.2 6.10 45.95 52.05 OK
r-patched-solaris-x86 1.2.2 88.50 OK
r-release-linux-x86_64 1.2.2 6.07 46.24 52.31 OK
r-release-macos-x86_64 1.2.2 OK
r-release-windows-ix86+x86_64 1.2.2 9.00 56.00 65.00 OK
r-oldrel-macos-x86_64 1.2.2 OK
r-oldrel-windows-ix86+x86_64 1.2.2 9.00 65.00 74.00 OK

Check Details

Version: 1.2.2
Check: examples
Result: ERROR
    Running examples in 'RatingScaleReduction-Ex.R' failed
    The error most likely occurred in:
    
    > base::assign(".ptime", proc.time(), pos = "CheckExEnv")
    > ### Name: CheckAttr4Inclusion
    > ### Title: Check the next attribute for possible inclusion into AUC
    > ### Aliases: CheckAttr4Inclusion
    >
    > ### ** Examples
    >
    > #creating the matrix of attributes and the decision vector
    > #must be as.numeric()
    > data(aSAH)
    > attach(aSAH)
    > is.numeric(aSAH)
    [1] FALSE
    >
    > attribute <-data.frame(as.numeric(gender),
    + as.numeric(age), as.numeric(wfns), as.numeric(s100b), as.numeric(ndka))
    > colnames(attribute) <-c("a1", "a2", "a3", "a4", "a5")
    > decision <-as.numeric(outcome)
    >
    > #deLong test, two-side alternative hiphotesis
    > CheckAttr4Inclusion(attribute, decision, method=c("delong"),
    + alternative=c("two.side"))
    Setting levels: control = 1, case = 2
    Setting direction: controls < cases
    Setting levels: control = 1, case = 2
    Setting direction: controls < cases
    Setting levels: control = 1, case = 2
    Setting direction: controls < cases
    Setting levels: control = 1, case = 2
    Setting direction: controls < cases
    Setting levels: control = 1, case = 2
    Setting direction: controls < cases
    Error in 2:nrow(s1) : argument of length 0
    Calls: CheckAttr4Inclusion -> totalAuc
    Execution halted
Flavors: r-devel-linux-x86_64-debian-clang, r-devel-linux-x86_64-debian-gcc

Version: 1.2.2
Check: examples
Result: ERROR
    Running examples in ‘RatingScaleReduction-Ex.R’ failed
    The error most likely occurred in:
    
    > ### Name: CheckAttr4Inclusion
    > ### Title: Check the next attribute for possible inclusion into AUC
    > ### Aliases: CheckAttr4Inclusion
    >
    > ### ** Examples
    >
    > #creating the matrix of attributes and the decision vector
    > #must be as.numeric()
    > data(aSAH)
    > attach(aSAH)
    > is.numeric(aSAH)
    [1] FALSE
    >
    > attribute <-data.frame(as.numeric(gender),
    + as.numeric(age), as.numeric(wfns), as.numeric(s100b), as.numeric(ndka))
    > colnames(attribute) <-c("a1", "a2", "a3", "a4", "a5")
    > decision <-as.numeric(outcome)
    >
    > #deLong test, two-side alternative hiphotesis
    > CheckAttr4Inclusion(attribute, decision, method=c("delong"),
    + alternative=c("two.side"))
    Setting levels: control = 1, case = 2
    Setting direction: controls < cases
    Setting levels: control = 1, case = 2
    Setting direction: controls < cases
    Setting levels: control = 1, case = 2
    Setting direction: controls < cases
    Setting levels: control = 1, case = 2
    Setting direction: controls < cases
    Setting levels: control = 1, case = 2
    Setting direction: controls < cases
    Error in 2:nrow(s1) : argument of length 0
    Calls: CheckAttr4Inclusion -> totalAuc
    Execution halted
Flavors: r-devel-linux-x86_64-fedora-clang, r-devel-linux-x86_64-fedora-gcc, r-devel-windows-ix86+x86_64