CRAN Package Check Results for Package RagGrid

Last updated on 2020-12-04 00:48:31 CET.

Flavor Version Tinstall Tcheck Ttotal Status Flags
r-devel-linux-x86_64-debian-clang 0.2.0 3.23 23.24 26.47 OK
r-devel-linux-x86_64-debian-gcc 0.2.0 2.50 18.75 21.25 OK
r-devel-linux-x86_64-fedora-clang 0.2.0 38.38 NOTE
r-devel-linux-x86_64-fedora-gcc 0.2.0 29.51 NOTE
r-devel-windows-ix86+x86_64 0.2.0 5.00 44.00 49.00 OK
r-patched-linux-x86_64 0.2.0 3.21 23.32 26.53 OK
r-patched-solaris-x86 0.2.0 48.00 NOTE
r-release-linux-x86_64 0.2.0 3.32 23.43 26.75 OK
r-release-macos-x86_64 0.2.0 NOTE
r-release-windows-ix86+x86_64 0.2.0 5.00 40.00 45.00 OK
r-oldrel-macos-x86_64 0.2.0 NOTE
r-oldrel-windows-ix86+x86_64 0.2.0 4.00 39.00 43.00 OK

Check Details

Version: 0.2.0
Check: dependencies in R code
Result: NOTE
    Namespace in Imports field not imported from: ‘knitr’
     All declared Imports should be used.
Flavors: r-devel-linux-x86_64-fedora-clang, r-devel-linux-x86_64-fedora-gcc, r-patched-solaris-x86, r-release-macos-x86_64, r-oldrel-macos-x86_64