CRAN Package Check Results for Package RadOnc

Last updated on 2020-12-04 00:48:31 CET.

Flavor Version Tinstall Tcheck Ttotal Status Flags
r-devel-linux-x86_64-debian-clang 1.1.5 21.02 117.81 138.83 OK
r-devel-linux-x86_64-debian-gcc 1.1.5 16.16 94.63 110.79 OK
r-devel-linux-x86_64-fedora-clang 1.1.5 176.21 NOTE
r-devel-linux-x86_64-fedora-gcc 1.1.5 176.15 OK
r-devel-windows-ix86+x86_64 1.1.5 29.00 164.00 193.00 NOTE
r-patched-linux-x86_64 1.1.5 19.39 113.35 132.74 OK
r-patched-solaris-x86 1.1.5 225.00 NOTE
r-release-linux-x86_64 1.1.5 21.41 113.37 134.78 OK
r-release-macos-x86_64 1.1.5 NOTE
r-release-windows-ix86+x86_64 1.1.5 21.00 148.00 169.00 NOTE
r-oldrel-macos-x86_64 1.1.5 WARN
r-oldrel-windows-ix86+x86_64 1.1.5 23.00 135.00 158.00 NOTE

Check Details

Version: 1.1.5
Check: installed package size
Result: NOTE
     installed size is 5.3Mb
     sub-directories of 1Mb or more:
     data 2.3Mb
     extdata 1.4Mb
Flavors: r-devel-linux-x86_64-fedora-clang, r-devel-windows-ix86+x86_64, r-patched-solaris-x86, r-release-macos-x86_64, r-release-windows-ix86+x86_64, r-oldrel-macos-x86_64, r-oldrel-windows-ix86+x86_64

Version: 1.1.5
Check: whether package can be installed
Result: WARN
    Found the following significant warnings:
     Warning: 'rgl_init' failed, running with rgl.useNULL = TRUE
Flavor: r-oldrel-macos-x86_64