CRAN Package Check Results for Package RadData

Last updated on 2020-12-04 00:48:31 CET.

Flavor Version Tinstall Tcheck Ttotal Status Flags
r-devel-linux-x86_64-debian-clang 1.0.0 6.07 22.45 28.52 OK
r-devel-linux-x86_64-debian-gcc 1.0.0 5.33 17.82 23.15 OK
r-devel-linux-x86_64-fedora-clang 1.0.0 42.19 NOTE
r-devel-linux-x86_64-fedora-gcc 1.0.0 33.84 OK
r-devel-windows-ix86+x86_64 1.0.0 11.00 41.00 52.00 NOTE
r-patched-linux-x86_64 1.0.0 6.03 22.08 28.11 OK
r-patched-solaris-x86 1.0.0 55.20 NOTE
r-release-linux-x86_64 1.0.0 6.22 21.31 27.53 OK
r-release-macos-x86_64 1.0.0 NOTE
r-release-windows-ix86+x86_64 1.0.0 9.00 41.00 50.00 NOTE
r-oldrel-macos-x86_64 1.0.0 NOTE
r-oldrel-windows-ix86+x86_64 1.0.0 8.00 36.00 44.00 NOTE

Check Details

Version: 1.0.0
Check: installed package size
Result: NOTE
     installed size is 6.0Mb
     sub-directories of 1Mb or more:
     data 5.9Mb
Flavors: r-devel-linux-x86_64-fedora-clang, r-devel-windows-ix86+x86_64, r-patched-solaris-x86, r-release-macos-x86_64, r-release-windows-ix86+x86_64, r-oldrel-macos-x86_64, r-oldrel-windows-ix86+x86_64