CRAN Package Check Results for Package RWekajars

Last updated on 2020-12-04 00:48:33 CET.

Flavor Version Tinstall Tcheck Ttotal Status Flags
r-devel-linux-x86_64-debian-clang 3.9.3-2 4.50 25.99 30.49 OK
r-devel-linux-x86_64-debian-gcc 3.9.3-2 3.23 21.55 24.78 OK
r-devel-linux-x86_64-fedora-clang 3.9.3-2 45.51 NOTE
r-devel-linux-x86_64-fedora-gcc 3.9.3-2 35.92 OK
r-devel-windows-ix86+x86_64 3.9.3-2 9.00 39.00 48.00 NOTE
r-patched-linux-x86_64 3.9.3-2 4.32 25.29 29.61 OK
r-release-linux-x86_64 3.9.3-2 3.87 25.26 29.13 OK
r-release-macos-x86_64 3.9.3-2 NOTE
r-release-windows-ix86+x86_64 3.9.3-2 8.00 38.00 46.00 NOTE
r-oldrel-macos-x86_64 3.9.3-2 NOTE
r-oldrel-windows-ix86+x86_64 3.9.3-2 9.00 34.00 43.00 NOTE

Check Details

Version: 3.9.3-2
Check: installed package size
Result: NOTE
     installed size is 10.8Mb
     sub-directories of 1Mb or more:
     java 10.7Mb
Flavors: r-devel-linux-x86_64-fedora-clang, r-devel-windows-ix86+x86_64, r-release-macos-x86_64, r-release-windows-ix86+x86_64, r-oldrel-macos-x86_64, r-oldrel-windows-ix86+x86_64