CRAN Package Check Results for Package RVtests

Last updated on 2020-12-04 00:48:33 CET.

Flavor Version Tinstall Tcheck Ttotal Status Flags
r-devel-linux-x86_64-debian-clang 1.2 8.53 66.35 74.88 NOTE
r-devel-linux-x86_64-debian-gcc 1.2 6.94 52.20 59.14 NOTE
r-devel-linux-x86_64-fedora-clang 1.2 96.46 NOTE
r-devel-linux-x86_64-fedora-gcc 1.2 91.51 NOTE
r-devel-windows-ix86+x86_64 1.2 17.00 87.00 104.00 NOTE
r-patched-linux-x86_64 1.2 7.78 63.98 71.76 NOTE
r-patched-solaris-x86 1.2 130.70 NOTE
r-release-linux-x86_64 1.2 8.06 62.47 70.53 NOTE
r-release-macos-x86_64 1.2 NOTE
r-release-windows-ix86+x86_64 1.2 13.00 89.00 102.00 NOTE
r-oldrel-macos-x86_64 1.2 NOTE
r-oldrel-windows-ix86+x86_64 1.2 13.00 80.00 93.00 NOTE

Check Details

Version: 1.2
Check: R code for possible problems
Result: NOTE
    LASSO: no visible global function definition for 'lm'
    LASSO: no visible global function definition for 'anova'
    LASSO: no visible global function definition for 'glm'
    LASSO: no visible global function definition for 'pchisq'
    LASSO : <anonymous>: no visible global function definition for
     'extractAIC'
    PCR : <anonymous>: no visible global function definition for 'cor'
    PLS : <anonymous>: no visible global function definition for 'cor'
    RR : RRscore: no visible binding for global variable 'sd'
    SPLS: no visible global function definition for 'lm'
    SPLS: no visible global function definition for 'anova'
    SPLS : <anonymous>: no visible global function definition for
     'extractAIC'
    VTWOD : getScores: no visible global function definition for 'sd'
    VTWOD : getScores: no visible global function definition for 'pnorm'
    Undefined global functions or variables:
     anova cor extractAIC glm lm pchisq pnorm sd
    Consider adding
     importFrom("stats", "anova", "cor", "extractAIC", "glm", "lm",
     "pchisq", "pnorm", "sd")
    to your NAMESPACE file.
Flavors: r-devel-linux-x86_64-debian-clang, r-devel-linux-x86_64-debian-gcc, r-devel-linux-x86_64-fedora-clang, r-devel-linux-x86_64-fedora-gcc, r-devel-windows-ix86+x86_64, r-patched-linux-x86_64, r-patched-solaris-x86, r-release-linux-x86_64, r-release-macos-x86_64, r-release-windows-ix86+x86_64, r-oldrel-macos-x86_64, r-oldrel-windows-ix86+x86_64