CRAN Package Check Results for Package RTextTools

Last updated on 2020-12-04 00:48:33 CET.

Flavor Version Tinstall Tcheck Ttotal Status Flags
r-devel-linux-x86_64-debian-clang 1.4.3 13.27 103.38 116.65 OK
r-devel-linux-x86_64-debian-gcc 1.4.3 11.01 84.71 95.72 OK
r-devel-linux-x86_64-fedora-clang 1.4.3 145.36 NOTE
r-devel-linux-x86_64-fedora-gcc 1.4.3 137.78 NOTE
r-devel-windows-ix86+x86_64 1.4.3 37.00 192.00 229.00 OK
r-patched-linux-x86_64 1.4.3 12.21 100.07 112.28 OK
r-patched-solaris-x86 1.4.3 212.70 OK
r-release-linux-x86_64 1.4.3 11.71 99.74 111.45 OK
r-release-macos-x86_64 1.4.3 OK
r-release-windows-ix86+x86_64 1.4.3 32.00 196.00 228.00 OK
r-oldrel-macos-x86_64 1.4.3 OK
r-oldrel-windows-ix86+x86_64 1.4.3 30.00 178.00 208.00 OK

Check Details

Version: 1.4.3
Check: compiled code
Result: NOTE
    File ‘RTextTools/libs/RTextTools.so’:
     Found no calls to: ‘R_registerRoutines’, ‘R_useDynamicSymbols’
    
    It is good practice to register native routines and to disable symbol
    search.
    
    See ‘Writing portable packages’ in the ‘Writing R Extensions’ manual.
Flavors: r-devel-linux-x86_64-fedora-clang, r-devel-linux-x86_64-fedora-gcc