CRAN Package Check Results for Package RTL

Last updated on 2020-12-04 00:48:33 CET.

Flavor Version Tinstall Tcheck Ttotal Status Flags
r-devel-linux-x86_64-debian-clang 0.1.5 10.70 80.19 90.89 OK
r-devel-linux-x86_64-debian-gcc 0.1.5 10.26 77.12 87.38 OK
r-devel-linux-x86_64-fedora-clang 0.1.5 115.68 NOTE
r-devel-linux-x86_64-fedora-gcc 0.1.5 111.84 NOTE
r-devel-windows-ix86+x86_64 0.1.5 21.00 121.00 142.00 NOTE
r-patched-linux-x86_64 0.1.5 9.04 79.03 88.07 OK
r-patched-solaris-x86 0.1.5 166.50 NOTE
r-release-linux-x86_64 0.1.5 8.88 79.19 88.07 OK
r-release-macos-x86_64 0.1.5 NOTE
r-release-windows-ix86+x86_64 0.1.5 16.00 92.00 108.00 NOTE
r-oldrel-macos-x86_64 0.1.5 ERROR
r-oldrel-windows-ix86+x86_64 0.1.1 25.00 116.00 141.00 OK

Check Details

Version: 0.1.5
Check: package dependencies
Result: NOTE
    Imports includes 30 non-default packages.
    Importing from so many packages makes the package vulnerable to any of
    them becoming unavailable. Move as many as possible to Suggests and
    use conditionally.
Flavor: r-devel-linux-x86_64-fedora-clang

Version: 0.1.5
Check: installed package size
Result: NOTE
     installed size is 6.1Mb
     sub-directories of 1Mb or more:
     data 5.9Mb
Flavors: r-devel-linux-x86_64-fedora-clang, r-devel-windows-ix86+x86_64, r-patched-solaris-x86, r-release-macos-x86_64, r-release-windows-ix86+x86_64

Version: 0.1.5
Check: dependencies in R code
Result: NOTE
    Namespaces in Imports field not imported from:
     ‘quantmod’ ‘sp’ ‘timetk’
     All declared Imports should be used.
Flavors: r-devel-linux-x86_64-fedora-clang, r-devel-linux-x86_64-fedora-gcc, r-patched-solaris-x86, r-release-macos-x86_64

Version: 0.1.5
Check: data for non-ASCII characters
Result: NOTE
     Note: found 688 marked UTF-8 strings
Flavors: r-devel-linux-x86_64-fedora-clang, r-devel-linux-x86_64-fedora-gcc, r-patched-solaris-x86, r-release-macos-x86_64

Version: 0.1.5
Check: whether package can be installed
Result: ERROR
    Installation failed.
Flavor: r-oldrel-macos-x86_64