CRAN Package Check Results for Package RSvgDevice

Last updated on 2020-12-04 00:48:33 CET.

Flavor Version Tinstall Tcheck Ttotal Status Flags
r-devel-linux-x86_64-debian-clang 0.6.4.4 2.88 18.80 21.68 NOTE
r-devel-linux-x86_64-debian-gcc 0.6.4.4 2.17 16.18 18.35 NOTE
r-devel-linux-x86_64-fedora-clang 0.6.4.4 34.68 NOTE
r-devel-linux-x86_64-fedora-gcc 0.6.4.4 24.52 NOTE
r-patched-linux-x86_64 0.6.4.4 2.58 18.79 21.37 NOTE
r-patched-solaris-x86 0.6.4.4 37.30 NOTE
r-release-linux-x86_64 0.6.4.4 2.64 18.47 21.11 NOTE
r-release-macos-x86_64 0.6.4.4 NOTE
r-oldrel-macos-x86_64 0.6.4.4 NOTE

Check Details

Version: 0.6.4.4
Check: DESCRIPTION meta-information
Result: NOTE
    Malformed Title field: should not end in a period.
Flavors: r-devel-linux-x86_64-debian-clang, r-devel-linux-x86_64-debian-gcc, r-devel-linux-x86_64-fedora-clang, r-devel-linux-x86_64-fedora-gcc, r-patched-linux-x86_64, r-patched-solaris-x86, r-release-linux-x86_64, r-release-macos-x86_64, r-oldrel-macos-x86_64

Version: 0.6.4.4
Check: for non-standard things in the check directory
Result: NOTE
    Found the following files/directories:
     'Rplots.svg'
Flavors: r-devel-linux-x86_64-debian-clang, r-devel-linux-x86_64-debian-gcc, r-devel-linux-x86_64-fedora-clang, r-devel-linux-x86_64-fedora-gcc, r-patched-linux-x86_64, r-patched-solaris-x86, r-release-linux-x86_64

Version: 0.6.4.4
Check: compiled code
Result: NOTE
    File ‘RSvgDevice/libs/RSvgDevice.so’:
     Found no calls to: ‘R_registerRoutines’, ‘R_useDynamicSymbols’
    
    It is good practice to register native routines and to disable symbol
    search.
    
    See ‘Writing portable packages’ in the ‘Writing R Extensions’ manual.
Flavors: r-devel-linux-x86_64-fedora-clang, r-devel-linux-x86_64-fedora-gcc