CRAN Package Check Results for Package RSpectra

Last updated on 2020-12-04 00:48:33 CET.

Flavor Version Tinstall Tcheck Ttotal Status Flags
r-devel-linux-x86_64-debian-clang 0.16-0 175.26 68.07 243.33 OK
r-devel-linux-x86_64-debian-gcc 0.16-0 164.52 58.55 223.07 OK
r-devel-linux-x86_64-fedora-clang 0.16-0 380.39 NOTE
r-devel-linux-x86_64-fedora-gcc 0.16-0 391.31 OK
r-devel-windows-ix86+x86_64 0.16-0 392.00 135.00 527.00 OK
r-patched-linux-x86_64 0.16-0 178.76 70.40 249.16 OK
r-patched-solaris-x86 0.16-0 313.20 OK
r-release-linux-x86_64 0.16-0 181.91 70.70 252.61 OK
r-release-macos-x86_64 0.16-0 NOTE
r-release-windows-ix86+x86_64 0.16-0 273.00 141.00 414.00 OK
r-oldrel-macos-x86_64 0.16-0 NOTE
r-oldrel-windows-ix86+x86_64 0.16-0 296.00 123.00 419.00 OK

Check Details

Version: 0.16-0
Check: installed package size
Result: NOTE
     installed size is 46.0Mb
     sub-directories of 1Mb or more:
     libs 45.4Mb
Flavors: r-devel-linux-x86_64-fedora-clang, r-release-macos-x86_64, r-oldrel-macos-x86_64