CRAN Package Check Results for Package RSclient

Last updated on 2020-12-04 00:48:33 CET.

Flavor Version Tinstall Tcheck Ttotal Status Flags
r-devel-linux-x86_64-debian-clang 0.7-3 4.78 21.10 25.88 OK
r-devel-linux-x86_64-debian-gcc 0.7-3 3.10 17.82 20.92 OK
r-devel-linux-x86_64-fedora-clang 0.7-3 39.51 NOTE
r-devel-linux-x86_64-fedora-gcc 0.7-3 28.70 NOTE
r-devel-windows-ix86+x86_64 0.7-3 16.00 50.00 66.00 WARN
r-patched-linux-x86_64 0.7-3 3.93 21.00 24.93 OK
r-patched-solaris-x86 0.7-3 43.10 OK
r-release-linux-x86_64 0.7-3 3.49 20.41 23.90 OK
r-release-macos-x86_64 0.7-3 ERROR
r-release-windows-ix86+x86_64 0.7-3 14.00 48.00 62.00 WARN
r-oldrel-macos-x86_64 0.7-3 OK
r-oldrel-windows-ix86+x86_64 0.7-3 18.00 68.00 86.00 OK

Additional issues

rchk

Check Details

Version: 0.7-3
Check: compiled code
Result: NOTE
    File ‘RSclient/libs/RSclient.so’:
     Found no calls to: ‘R_registerRoutines’, ‘R_useDynamicSymbols’
    
    It is good practice to register native routines and to disable symbol
    search.
    
    See ‘Writing portable packages’ in the ‘Writing R Extensions’ manual.
Flavors: r-devel-linux-x86_64-fedora-clang, r-devel-linux-x86_64-fedora-gcc

Version: 0.7-3
Check: whether package can be installed
Result: WARN
    Found the following significant warnings:
     cli.c:232:44: warning: passing argument 4 of 'setsockopt' from incompatible pointer type [-Wincompatible-pointer-types]
Flavors: r-devel-windows-ix86+x86_64, r-release-windows-ix86+x86_64

Version: 0.7-3
Check: whether package can be installed
Result: ERROR
    Installation failed.
Flavor: r-release-macos-x86_64