Last updated on 2020-12-04 00:48:33 CET.
Flavor | Version | Tinstall | Tcheck | Ttotal | Status | Flags |
---|---|---|---|---|---|---|
r-devel-linux-x86_64-debian-clang | 2.4.2 | 7.15 | 41.10 | 48.25 | OK | |
r-devel-linux-x86_64-debian-gcc | 2.4.2 | 5.04 | 33.86 | 38.90 | OK | |
r-devel-linux-x86_64-fedora-clang | 2.4.2 | 66.26 | NOTE | |||
r-devel-linux-x86_64-fedora-gcc | 2.4.2 | 55.43 | NOTE | |||
r-devel-windows-ix86+x86_64 | 2.4.2 | 14.00 | 74.00 | 88.00 | OK | |
r-patched-linux-x86_64 | 2.4.2 | 5.91 | 39.72 | 45.63 | OK | |
r-patched-solaris-x86 | 2.4.2 | 96.50 | OK | |||
r-release-linux-x86_64 | 2.4.2 | 6.22 | 39.20 | 45.42 | OK | |
r-release-macos-x86_64 | 2.4.2 | OK | ||||
r-release-windows-ix86+x86_64 | 2.4.2 | 10.00 | 77.00 | 87.00 | OK | |
r-oldrel-macos-x86_64 | 2.4.2 | OK | ||||
r-oldrel-windows-ix86+x86_64 | 2.4.2 | 10.00 | 68.00 | 78.00 | OK |
Version: 2.4.2
Check: compiled code
Result: NOTE
File ‘RSKC/libs/RSKC.so’:
Found no calls to: ‘R_registerRoutines’, ‘R_useDynamicSymbols’
It is good practice to register native routines and to disable symbol
search.
See ‘Writing portable packages’ in the ‘Writing R Extensions’ manual.
Flavors: r-devel-linux-x86_64-fedora-clang, r-devel-linux-x86_64-fedora-gcc