CRAN Package Check Results for Package RSEIS

Last updated on 2020-12-04 00:48:33 CET.

Flavor Version Tinstall Tcheck Ttotal Status Flags
r-devel-linux-x86_64-debian-clang 3.9-3 28.67 154.69 183.36 OK
r-devel-linux-x86_64-debian-gcc 3.9-3 23.98 114.83 138.81 OK
r-devel-linux-x86_64-fedora-clang 3.9-3 242.11 OK
r-devel-linux-x86_64-fedora-gcc 3.9-3 234.53 OK
r-devel-windows-ix86+x86_64 3.9-3 53.00 238.00 291.00 OK
r-patched-linux-x86_64 3.9-3 27.61 143.48 171.09 OK
r-patched-solaris-x86 3.9-3 257.30 WARN
r-release-linux-x86_64 3.9-3 27.96 141.78 169.74 OK
r-release-macos-x86_64 3.9-3 OK
r-release-windows-ix86+x86_64 3.9-3 43.00 232.00 275.00 OK
r-oldrel-macos-x86_64 3.9-3 WARN
r-oldrel-windows-ix86+x86_64 3.9-3 41.00 206.00 247.00 OK

Check Details

Version: 3.9-3
Check: for executable files
Result: WARN
    Found the following executable file:
     data/GH.RData
    Source packages should not contain undeclared executable files.
    See section ‘Package structure’ in the ‘Writing R Extensions’ manual.
Flavors: r-patched-solaris-x86, r-oldrel-macos-x86_64