Last updated on 2020-12-04 00:48:33 CET.
Flavor | Version | Tinstall | Tcheck | Ttotal | Status | Flags |
---|---|---|---|---|---|---|
r-devel-linux-x86_64-debian-clang | 1.1.0 | 7.92 | 68.39 | 76.31 | OK | |
r-devel-linux-x86_64-debian-gcc | 1.1.0 | 6.88 | 52.09 | 58.97 | OK | |
r-devel-linux-x86_64-fedora-clang | 1.1.0 | 99.21 | OK | |||
r-devel-linux-x86_64-fedora-gcc | 1.1.0 | 91.76 | OK | |||
r-devel-windows-ix86+x86_64 | 1.1.0 | 17.00 | 86.00 | 103.00 | OK | |
r-patched-linux-x86_64 | 1.1.0 | 7.39 | 63.22 | 70.61 | OK | |
r-patched-solaris-x86 | 1.1.0 | 131.50 | OK | |||
r-release-linux-x86_64 | 1.1.0 | 8.11 | 63.18 | 71.29 | OK | |
r-release-macos-x86_64 | 1.1.0 | OK | ||||
r-release-windows-ix86+x86_64 | 1.1.0 | 14.00 | 68.00 | 82.00 | OK | |
r-oldrel-macos-x86_64 | 1.1.0 | OK | ||||
r-oldrel-windows-ix86+x86_64 | 1.1.0 | 10.00 | 7.00 | 17.00 | ERROR |
Version: 1.1.0
Check: whether package can be installed
Result: ERROR
Installation failed.
Flavor: r-oldrel-windows-ix86+x86_64