Last updated on 2020-12-04 00:48:33 CET.
Flavor | Version | Tinstall | Tcheck | Ttotal | Status | Flags |
---|---|---|---|---|---|---|
r-devel-linux-x86_64-debian-clang | 0.9.5 | 7.09 | 65.57 | 72.66 | OK | |
r-devel-linux-x86_64-debian-gcc | 0.9.5 | 5.98 | 51.62 | 57.60 | OK | |
r-devel-linux-x86_64-fedora-clang | 0.9.5 | 96.00 | OK | |||
r-devel-linux-x86_64-fedora-gcc | 0.9.5 | 90.69 | OK | |||
r-devel-windows-ix86+x86_64 | 0.9.5 | 14.00 | 84.00 | 98.00 | OK | |
r-patched-linux-x86_64 | 0.9.5 | 7.57 | 63.15 | 70.72 | OK | |
r-patched-solaris-x86 | 0.9.5 | 142.50 | OK | |||
r-release-linux-x86_64 | 0.9.5 | 6.60 | 61.56 | 68.16 | OK | |
r-release-macos-x86_64 | 0.9.5 | OK | ||||
r-release-windows-ix86+x86_64 | 0.9.5 | 10.00 | 90.00 | 100.00 | OK | |
r-oldrel-macos-x86_64 | 0.9.5 | ERROR | ||||
r-oldrel-windows-ix86+x86_64 | 0.9.5 | 10.00 | 80.00 | 90.00 | OK |
Version: 0.9.5
Check: package dependencies
Result: ERROR
Package required but not available: ‘gWidgets2RGtk2’
See section ‘The DESCRIPTION file’ in the ‘Writing R Extensions’
manual.
Flavor: r-oldrel-macos-x86_64