Last updated on 2020-12-04 00:48:33 CET.
Flavor | Version | Tinstall | Tcheck | Ttotal | Status | Flags |
---|---|---|---|---|---|---|
r-devel-linux-x86_64-debian-clang | 0.4.17 | 305.31 | 70.46 | 375.77 | OK | |
r-devel-linux-x86_64-debian-gcc | 0.4.17 | 198.56 | 52.99 | 251.55 | OK | |
r-devel-linux-x86_64-fedora-clang | 0.4.17 | 539.44 | NOTE | |||
r-devel-linux-x86_64-fedora-gcc | 0.4.17 | 481.96 | OK | |||
r-devel-windows-ix86+x86_64 | 0.4.17 | 655.00 | 143.00 | 798.00 | NOTE | |
r-patched-linux-x86_64 | 0.4.17 | 232.36 | 65.51 | 297.87 | OK | |
r-release-linux-x86_64 | 0.4.17 | 245.28 | 65.39 | 310.67 | OK | |
r-release-macos-x86_64 | 0.4.17 | NOTE | ||||
r-release-windows-ix86+x86_64 | 0.4.17 | 525.00 | 155.00 | 680.00 | NOTE | |
r-oldrel-macos-x86_64 | 0.4.17 | NOTE | ||||
r-oldrel-windows-ix86+x86_64 | 0.4.17 | 510.00 | 141.00 | 651.00 | NOTE |
Version: 0.4.17
Check: installed package size
Result: NOTE
installed size is 12.8Mb
sub-directories of 1Mb or more:
libs 10.8Mb
Flavors: r-devel-linux-x86_64-fedora-clang, r-devel-windows-ix86+x86_64, r-release-macos-x86_64, r-release-windows-ix86+x86_64, r-oldrel-macos-x86_64, r-oldrel-windows-ix86+x86_64