Last updated on 2020-12-04 00:48:32 CET.
Flavor | Version | Tinstall | Tcheck | Ttotal | Status | Flags |
---|---|---|---|---|---|---|
r-devel-linux-x86_64-debian-clang | 1.0 | 7.73 | 54.82 | 62.55 | NOTE | |
r-devel-linux-x86_64-debian-gcc | 1.0 | 6.34 | 42.74 | 49.08 | NOTE | |
r-devel-linux-x86_64-fedora-clang | 1.0 | 81.11 | NOTE | |||
r-devel-linux-x86_64-fedora-gcc | 1.0 | 74.88 | NOTE | |||
r-devel-windows-ix86+x86_64 | 1.0 | 15.00 | 72.00 | 87.00 | NOTE | |
r-patched-linux-x86_64 | 1.0 | 7.83 | 52.37 | 60.20 | NOTE | |
r-patched-solaris-x86 | 1.0 | 106.60 | NOTE | |||
r-release-linux-x86_64 | 1.0 | 7.23 | 51.40 | 58.63 | NOTE | |
r-release-macos-x86_64 | 1.0 | NOTE | ||||
r-release-windows-ix86+x86_64 | 1.0 | 11.00 | 75.00 | 86.00 | NOTE | |
r-oldrel-macos-x86_64 | 1.0 | NOTE | ||||
r-oldrel-windows-ix86+x86_64 | 1.0 | 12.00 | 66.00 | 78.00 | NOTE |
Version: 1.0
Check: top-level files
Result: NOTE
Non-standard file/directory found at top level:
'Read-and-delete-me'
Flavors: r-devel-linux-x86_64-debian-clang, r-devel-linux-x86_64-debian-gcc, r-devel-linux-x86_64-fedora-clang, r-devel-linux-x86_64-fedora-gcc, r-patched-linux-x86_64, r-release-linux-x86_64
Version: 1.0
Check: dependencies in R code
Result: NOTE
'library' or 'require' calls to packages already attached by Depends:
'MASS' 'survival'
Please remove these calls from your code.
Packages in Depends field not imported from:
'MASS' 'survival'
These packages need to be imported from (in the NAMESPACE file)
for when this namespace is loaded but not attached.
Flavors: r-devel-linux-x86_64-debian-clang, r-devel-linux-x86_64-debian-gcc, r-devel-linux-x86_64-fedora-clang, r-devel-linux-x86_64-fedora-gcc, r-devel-windows-ix86+x86_64, r-patched-linux-x86_64, r-patched-solaris-x86, r-release-linux-x86_64, r-release-macos-x86_64, r-release-windows-ix86+x86_64, r-oldrel-macos-x86_64, r-oldrel-windows-ix86+x86_64
Version: 1.0
Check: R code for possible problems
Result: NOTE
GenerateData: no visible global function definition for 'mvrnorm'
GetVarImp : FitPenalizedModel: no visible global function definition
for 'clogit'
Undefined global functions or variables:
clogit mvrnorm
Flavors: r-devel-linux-x86_64-debian-clang, r-devel-linux-x86_64-debian-gcc, r-devel-linux-x86_64-fedora-clang, r-devel-linux-x86_64-fedora-gcc, r-devel-windows-ix86+x86_64, r-patched-linux-x86_64, r-patched-solaris-x86, r-release-linux-x86_64, r-release-macos-x86_64, r-release-windows-ix86+x86_64, r-oldrel-macos-x86_64, r-oldrel-windows-ix86+x86_64
Version: 1.0
Check: Rd line widths
Result: NOTE
Rd file 'GetVarImp.Rd':
\examples lines wider than 100 characters:
hist(MyResults, breaks=6, col="orange", xlab="Importance score", ylab="Number of features", main="Histogram of R-PCLR variable importan ... [TRUNCATED]
## Sort from most important (highest importance score) to least important feature (lowest importance score)
These lines will be truncated in the PDF manual.
Flavors: r-devel-linux-x86_64-debian-clang, r-devel-linux-x86_64-debian-gcc, r-devel-linux-x86_64-fedora-clang, r-devel-linux-x86_64-fedora-gcc, r-patched-linux-x86_64, r-release-linux-x86_64