CRAN Package Check Results for Package ROI.plugin.symphony

Last updated on 2020-12-04 00:48:32 CET.

Flavor Version Tinstall Tcheck Ttotal Status Flags
r-devel-linux-x86_64-debian-clang 1.0-0 2.51 24.19 26.70 OK
r-devel-linux-x86_64-debian-gcc 1.0-0 2.52 19.43 21.95 OK
r-devel-linux-x86_64-fedora-clang 1.0-0 40.57 OK
r-devel-linux-x86_64-fedora-gcc 1.0-0 30.05 OK
r-devel-windows-ix86+x86_64 1.0-0 6.00 35.00 41.00 OK
r-patched-linux-x86_64 1.0-0 2.62 24.10 26.72 OK
r-release-linux-x86_64 1.0-0 2.77 23.58 26.35 OK
r-release-macos-x86_64 1.0-0 ERROR
r-release-windows-ix86+x86_64 1.0-0 7.00 33.00 40.00 OK
r-oldrel-macos-x86_64 1.0-0 ERROR
r-oldrel-windows-ix86+x86_64 1.0-0 5.00 40.00 45.00 OK

Check Details

Version: 1.0-0
Check: package dependencies
Result: ERROR
    Package required but not available: ‘Rsymphony’
    
    See section ‘The DESCRIPTION file’ in the ‘Writing R Extensions’
    manual.
Flavors: r-release-macos-x86_64, r-oldrel-macos-x86_64