Last updated on 2020-12-04 00:48:32 CET.
Flavor | Version | Tinstall | Tcheck | Ttotal | Status | Flags |
---|---|---|---|---|---|---|
r-devel-linux-x86_64-debian-clang | 0.3-0 | 4.36 | 45.17 | 49.53 | OK | --no-tests |
r-devel-linux-x86_64-debian-gcc | 0.3-0 | 3.97 | 34.02 | 37.99 | OK | --no-tests |
r-patched-linux-x86_64 | 0.3-0 | 5.75 | 42.42 | 48.17 | OK | --no-tests |
r-release-linux-x86_64 | 0.3-0 | 4.96 | 40.62 | 45.58 | OK | --no-tests |
r-release-macos-x86_64 | 0.3-0 | ERROR | ||||
r-release-windows-ix86+x86_64 | 0.3-0 | 1.00 | 7.00 | 8.00 | ERROR | |
r-oldrel-macos-x86_64 | 0.3-0 | ERROR |
Version: 0.3-0
Check: package dependencies
Result: ERROR
Package required but not available: ‘Rcplex’
See section ‘The DESCRIPTION file’ in the ‘Writing R Extensions’
manual.
Flavors: r-release-macos-x86_64, r-release-windows-ix86+x86_64, r-oldrel-macos-x86_64