Last updated on 2020-12-04 00:48:32 CET.
Flavor | Version | Tinstall | Tcheck | Ttotal | Status | Flags |
---|---|---|---|---|---|---|
r-devel-linux-x86_64-debian-clang | 0.4 | 7.95 | 51.39 | 59.34 | OK | |
r-devel-linux-x86_64-debian-gcc | 0.4 | 6.77 | 41.43 | 48.20 | OK | |
r-devel-linux-x86_64-fedora-clang | 0.4 | 77.62 | OK | |||
r-devel-linux-x86_64-fedora-gcc | 0.4 | 114.99 | OK | |||
r-devel-windows-ix86+x86_64 | 0.4 | 16.00 | 64.00 | 80.00 | OK | |
r-patched-linux-x86_64 | 0.4 | 8.06 | 48.35 | 56.41 | OK | |
r-patched-solaris-x86 | 0.4 | 99.60 | OK | |||
r-release-linux-x86_64 | 0.4 | 8.27 | 47.44 | 55.71 | OK | |
r-release-macos-x86_64 | 0.4 | ERROR | ||||
r-release-windows-ix86+x86_64 | 0.4 | 14.00 | 48.00 | 62.00 | OK | |
r-oldrel-macos-x86_64 | 0.4 | ERROR | ||||
r-oldrel-windows-ix86+x86_64 | 0.4 | 11.00 | 60.00 | 71.00 | OK |
Version: 0.4
Check: package dependencies
Result: ERROR
Package required but not available: ‘clpAPI’
See section ‘The DESCRIPTION file’ in the ‘Writing R Extensions’
manual.
Flavors: r-release-macos-x86_64, r-oldrel-macos-x86_64