CRAN Package Check Results for Package RNewsflow

Last updated on 2020-12-04 00:48:32 CET.

Flavor Version Tinstall Tcheck Ttotal Status Flags
r-devel-linux-x86_64-debian-clang 1.2.5 101.12 112.71 213.83 OK
r-devel-linux-x86_64-debian-gcc 1.2.5 63.15 85.42 148.57 OK
r-devel-linux-x86_64-fedora-clang 1.2.5 284.48 NOTE
r-devel-linux-x86_64-fedora-gcc 1.2.5 248.52 OK
r-devel-windows-ix86+x86_64 1.2.5 218.00 188.00 406.00 OK
r-patched-linux-x86_64 1.2.5 57.47 105.13 162.60 OK
r-patched-solaris-x86 1.2.5 281.70 OK
r-release-linux-x86_64 1.2.5 58.55 105.69 164.24 OK
r-release-macos-x86_64 1.2.5 OK
r-release-windows-ix86+x86_64 1.2.5 178.00 212.00 390.00 OK
r-oldrel-macos-x86_64 1.2.5 OK
r-oldrel-windows-ix86+x86_64 1.2.5 175.00 183.00 358.00 OK

Check Details

Version: 1.2.5
Check: installed package size
Result: NOTE
     installed size is 5.1Mb
     sub-directories of 1Mb or more:
     libs 4.3Mb
Flavor: r-devel-linux-x86_64-fedora-clang