Last updated on 2020-12-04 00:48:32 CET.
Flavor | Version | Tinstall | Tcheck | Ttotal | Status | Flags |
---|---|---|---|---|---|---|
r-devel-linux-x86_64-debian-clang | 1.0.10 | 123.18 | 41.67 | 164.85 | OK | |
r-devel-linux-x86_64-debian-gcc | 1.0.10 | 73.98 | 33.86 | 107.84 | OK | |
r-devel-linux-x86_64-fedora-clang | 1.0.10 | 237.13 | NOTE | |||
r-devel-linux-x86_64-fedora-gcc | 1.0.10 | 204.05 | NOTE | |||
r-devel-windows-ix86+x86_64 | 1.0.10 | 522.00 | 175.00 | 697.00 | NOTE | |
r-patched-linux-x86_64 | 1.0.10 | 89.15 | 40.74 | 129.89 | OK | |
r-patched-solaris-x86 | 1.0.10 | 189.70 | OK | |||
r-release-linux-x86_64 | 1.0.10 | 94.66 | 40.18 | 134.84 | OK | |
r-release-macos-x86_64 | 1.0.10 | NOTE | ||||
r-release-windows-ix86+x86_64 | 1.0.10 | 389.00 | 150.00 | 539.00 | NOTE | |
r-oldrel-macos-x86_64 | 1.0.10 | NOTE | ||||
r-oldrel-windows-ix86+x86_64 | 1.0.10 | 418.00 | 171.00 | 589.00 | NOTE |
Version: 1.0.10
Check: top-level files
Result: NOTE
‘configure’: ‘env bash’ is not portable as bash need not be installed
Flavors: r-devel-linux-x86_64-fedora-clang, r-devel-linux-x86_64-fedora-gcc
Version: 1.0.10
Check: installed package size
Result: NOTE
installed size is 8.7Mb
sub-directories of 1Mb or more:
libs 8.3Mb
Flavors: r-devel-windows-ix86+x86_64, r-release-macos-x86_64, r-release-windows-ix86+x86_64, r-oldrel-macos-x86_64, r-oldrel-windows-ix86+x86_64