CRAN Package Check Results for Package RMOA

Last updated on 2020-12-04 00:48:32 CET.

Flavor Version Tinstall Tcheck Ttotal Status Flags
r-devel-linux-x86_64-debian-clang 1.0.1 8.34 71.91 80.25 OK
r-devel-linux-x86_64-debian-gcc 1.0.1 6.16 55.44 61.60 OK
r-devel-linux-x86_64-fedora-clang 1.0.1 103.70 OK
r-devel-linux-x86_64-fedora-gcc 1.0.1 99.13 OK
r-devel-windows-ix86+x86_64 1.0.1 17.00 97.00 114.00 OK
r-patched-linux-x86_64 1.0.1 6.83 70.41 77.24 OK
r-patched-solaris-x86 1.0.1 122.80 OK
r-release-linux-x86_64 1.0.1 7.66 69.41 77.07 OK
r-release-macos-x86_64 1.0.1 OK
r-release-windows-ix86+x86_64 1.0.1 16.00 77.00 93.00 OK
r-oldrel-macos-x86_64 1.0.1 OK
r-oldrel-windows-ix86+x86_64 1.0.1 6.00 6.00 12.00 ERROR

Check Details

Version: 1.0.1
Check: whether package can be installed
Result: ERROR
    Installation failed.
Flavor: r-oldrel-windows-ix86+x86_64