CRAN Package Check Results for Package RLumShiny

Last updated on 2020-12-04 00:48:32 CET.

Flavor Version Tinstall Tcheck Ttotal Status Flags
r-devel-linux-x86_64-debian-clang 0.2.2 12.06 88.79 100.85 OK
r-devel-linux-x86_64-debian-gcc 0.2.2 9.34 68.37 77.71 OK
r-devel-linux-x86_64-fedora-clang 0.2.2 126.73 NOTE
r-devel-linux-x86_64-fedora-gcc 0.2.2 118.50 NOTE
r-devel-windows-ix86+x86_64 0.2.2 24.00 107.00 131.00 OK
r-patched-linux-x86_64 0.2.2 11.30 82.35 93.65 OK
r-patched-solaris-x86 0.2.2 165.00 NOTE
r-release-linux-x86_64 0.2.2 11.78 81.63 93.41 OK
r-release-macos-x86_64 0.2.2 NOTE
r-release-windows-ix86+x86_64 0.2.2 18.00 79.00 97.00 OK
r-oldrel-macos-x86_64 0.2.2 NOTE
r-oldrel-windows-ix86+x86_64 0.2.2 18.00 99.00 117.00 OK

Check Details

Version: 0.2.2
Check: dependencies in R code
Result: NOTE
    Namespaces in Imports field not imported from:
     ‘RCarb’ ‘rmarkdown’ ‘shinyjs’
     All declared Imports should be used.
Flavors: r-devel-linux-x86_64-fedora-clang, r-devel-linux-x86_64-fedora-gcc, r-patched-solaris-x86, r-release-macos-x86_64, r-oldrel-macos-x86_64