CRAN Package Check Results for Package RKEAjars

Last updated on 2020-12-04 00:48:32 CET.

Flavor Version Tinstall Tcheck Ttotal Status Flags
r-devel-linux-x86_64-debian-clang 5.0-4 4.10 26.85 30.95 OK
r-devel-linux-x86_64-debian-gcc 5.0-4 3.95 21.33 25.28 OK
r-devel-linux-x86_64-fedora-clang 5.0-4 46.27 NOTE
r-devel-linux-x86_64-fedora-gcc 5.0-4 36.07 OK
r-devel-windows-ix86+x86_64 5.0-4 8.00 40.00 48.00 NOTE
r-patched-linux-x86_64 5.0-4 4.44 24.69 29.13 OK
r-patched-solaris-x86 5.0-4 50.80 NOTE
r-release-linux-x86_64 5.0-4 4.30 24.70 29.00 OK
r-release-macos-x86_64 5.0-4 NOTE
r-release-windows-ix86+x86_64 5.0-4 8.00 40.00 48.00 NOTE
r-oldrel-macos-x86_64 5.0-4 NOTE
r-oldrel-windows-ix86+x86_64 5.0-4 8.00 31.00 39.00 NOTE

Check Details

Version: 5.0-4
Check: installed package size
Result: NOTE
     installed size is 10.9Mb
     sub-directories of 1Mb or more:
     java 10.8Mb
Flavors: r-devel-linux-x86_64-fedora-clang, r-devel-windows-ix86+x86_64, r-patched-solaris-x86, r-release-macos-x86_64, r-release-windows-ix86+x86_64, r-oldrel-macos-x86_64, r-oldrel-windows-ix86+x86_64