CRAN Package Check Results for Package RKEA

Last updated on 2020-12-04 00:48:32 CET.

Flavor Version Tinstall Tcheck Ttotal Status Flags
r-devel-linux-x86_64-debian-clang 0.0-6 4.58 45.17 49.75 OK
r-devel-linux-x86_64-debian-gcc 0.0-6 3.83 35.65 39.48 OK
r-devel-linux-x86_64-fedora-clang 0.0-6 69.83 OK
r-devel-linux-x86_64-fedora-gcc 0.0-6 60.06 OK
r-devel-windows-ix86+x86_64 0.0-6 10.00 61.00 71.00 OK
r-patched-linux-x86_64 0.0-6 4.62 43.82 48.44 OK
r-patched-solaris-x86 0.0-6 79.90 OK
r-release-linux-x86_64 0.0-6 4.44 45.11 49.55 OK
r-release-macos-x86_64 0.0-6 OK
r-release-windows-ix86+x86_64 0.0-6 9.00 69.00 78.00 OK
r-oldrel-macos-x86_64 0.0-6 OK
r-oldrel-windows-ix86+x86_64 0.0-6 4.00 6.00 10.00 ERROR

Check Details

Version: 0.0-6
Check: whether package can be installed
Result: ERROR
    Installation failed.
Flavor: r-oldrel-windows-ix86+x86_64