Last updated on 2020-12-04 00:48:32 CET.
Flavor | Version | Tinstall | Tcheck | Ttotal | Status | Flags |
---|---|---|---|---|---|---|
r-devel-linux-x86_64-debian-clang | 2.3-3 | 4.72 | 38.45 | 43.17 | OK | |
r-devel-linux-x86_64-debian-gcc | 2.3-3 | 3.64 | 30.68 | 34.32 | OK | |
r-devel-linux-x86_64-fedora-clang | 2.3-3 | 60.85 | OK | |||
r-devel-linux-x86_64-fedora-gcc | 2.3-3 | 52.54 | OK | |||
r-devel-windows-ix86+x86_64 | 2.3-3 | 10.00 | 56.00 | 66.00 | OK | |
r-patched-linux-x86_64 | 2.3-3 | 4.23 | 37.32 | 41.55 | OK | |
r-patched-solaris-x86 | 2.3-3 | 72.80 | OK | |||
r-release-linux-x86_64 | 2.3-3 | 3.73 | 37.54 | 41.27 | OK | |
r-release-macos-x86_64 | 2.3-3 | OK | ||||
r-release-windows-ix86+x86_64 | 2.3-3 | 9.00 | 65.00 | 74.00 | OK | |
r-oldrel-macos-x86_64 | 2.3-3 | OK | ||||
r-oldrel-windows-ix86+x86_64 | 2.3-3 | 4.00 | 6.00 | 10.00 | ERROR |
Version: 2.3-3
Check: whether package can be installed
Result: ERROR
Installation failed.
Flavor: r-oldrel-windows-ix86+x86_64