CRAN Package Check Results for Package RGraphics

Last updated on 2020-12-04 00:48:32 CET.

Flavor Version Tinstall Tcheck Ttotal Status Flags
r-devel-linux-x86_64-debian-clang 3.0-2 12.98 76.23 89.21 OK
r-devel-linux-x86_64-debian-gcc 3.0-2 11.20 58.30 69.50 OK
r-devel-linux-x86_64-fedora-clang 3.0-2 114.73 OK
r-devel-linux-x86_64-fedora-gcc 3.0-2 108.15 OK
r-devel-windows-ix86+x86_64 3.0-2 23.00 90.00 113.00 OK
r-patched-linux-x86_64 3.0-2 10.45 70.64 81.09 OK
r-patched-solaris-x86 3.0-2 132.20 NOTE
r-release-linux-x86_64 3.0-2 13.43 71.53 84.96 OK
r-release-macos-x86_64 3.0-2 OK
r-release-windows-ix86+x86_64 3.0-2 17.00 74.00 91.00 OK
r-oldrel-macos-x86_64 3.0-2 OK
r-oldrel-windows-ix86+x86_64 3.0-2 19.00 85.00 104.00 OK

Check Details

Version: 3.0-2
Check: package dependencies
Result: NOTE
    Package suggested but not available for checking: ‘rsvg’
Flavor: r-patched-solaris-x86