Last updated on 2020-12-04 00:48:31 CET.
Flavor | Version | Tinstall | Tcheck | Ttotal | Status | Flags |
---|---|---|---|---|---|---|
r-devel-linux-x86_64-debian-clang | 0.9.4 | 4.76 | 63.37 | 68.13 | OK | |
r-devel-linux-x86_64-debian-gcc | 0.9.4 | 3.60 | 50.12 | 53.72 | OK | |
r-devel-linux-x86_64-fedora-clang | 0.9.4 | 88.95 | OK | |||
r-devel-linux-x86_64-fedora-gcc | 0.9.4 | 83.11 | OK | |||
r-devel-windows-ix86+x86_64 | 0.9.4 | 9.00 | 83.00 | 92.00 | OK | |
r-patched-linux-x86_64 | 0.9.4 | 4.30 | 60.60 | 64.90 | OK | |
r-patched-solaris-x86 | 0.9.4 | 115.30 | OK | |||
r-release-linux-x86_64 | 0.9.4 | 5.04 | 60.14 | 65.18 | OK | |
r-release-macos-x86_64 | 0.9.4 | OK | ||||
r-release-windows-ix86+x86_64 | 0.9.4 | 9.00 | 90.00 | 99.00 | OK | |
r-oldrel-macos-x86_64 | 0.9.4 | OK | ||||
r-oldrel-windows-ix86+x86_64 | 0.9.4 | 4.00 | 6.00 | 10.00 | ERROR |
Version: 0.9.4
Check: whether package can be installed
Result: ERROR
Installation failed.
Flavor: r-oldrel-windows-ix86+x86_64