CRAN Package Check Results for Package RClickhouse

Last updated on 2020-12-04 00:48:31 CET.

Flavor Version Tinstall Tcheck Ttotal Status Flags
r-devel-linux-x86_64-debian-clang 0.5.2 108.82 57.57 166.39 OK
r-devel-linux-x86_64-debian-gcc 0.5.2 73.86 44.58 118.44 OK
r-devel-linux-x86_64-fedora-clang 0.5.2 277.12 NOTE
r-devel-linux-x86_64-fedora-gcc 0.5.2 218.69 OK
r-devel-windows-ix86+x86_64 0.5.2 270.00 118.00 388.00 OK
r-patched-linux-x86_64 0.5.2 88.33 52.58 140.91 OK
r-patched-solaris-x86 0.5.2 211.10 OK
r-release-linux-x86_64 0.5.2 90.89 53.56 144.45 OK
r-release-macos-x86_64 0.5.2 NOTE
r-release-windows-ix86+x86_64 0.5.2 212.00 97.00 309.00 OK
r-oldrel-macos-x86_64 0.5.2 WARN
r-oldrel-windows-ix86+x86_64 0.5.2 207.00 109.00 316.00 OK

Check Details

Version: 0.5.2
Check: installed package size
Result: NOTE
     installed size is 13.8Mb
     sub-directories of 1Mb or more:
     libs 13.4Mb
Flavors: r-devel-linux-x86_64-fedora-clang, r-release-macos-x86_64, r-oldrel-macos-x86_64

Version: 0.5.2
Check: for executable files
Result: WARN
    Found the following executable file:
     src/vendor/clickhouse-cpp/contrib/lz4/LICENSE
    Source packages should not contain undeclared executable files.
    See section ‘Package structure’ in the ‘Writing R Extensions’ manual.
Flavor: r-oldrel-macos-x86_64