Last updated on 2020-12-04 00:48:31 CET.
Flavor | Version | Tinstall | Tcheck | Ttotal | Status | Flags |
---|---|---|---|---|---|---|
r-devel-linux-x86_64-debian-clang | 1.0.2 | 43.72 | 34.99 | 78.71 | OK | |
r-devel-linux-x86_64-debian-gcc | 1.0.2 | 26.33 | 28.38 | 54.71 | OK | |
r-devel-linux-x86_64-fedora-clang | 1.0.2 | 121.72 | OK | |||
r-devel-linux-x86_64-fedora-gcc | 1.0.2 | 96.71 | OK | |||
r-devel-windows-ix86+x86_64 | 1.0.2 | 89.00 | 86.00 | 175.00 | OK | |
r-patched-linux-x86_64 | 1.0.2 | 32.00 | 34.24 | 66.24 | OK | |
r-patched-solaris-x86 | 1.0.2 | 119.90 | ERROR | |||
r-release-linux-x86_64 | 1.0.2 | 33.92 | 34.88 | 68.80 | OK | |
r-release-macos-x86_64 | 1.0.2 | OK | ||||
r-release-windows-ix86+x86_64 | 1.0.2 | 83.00 | 71.00 | 154.00 | OK | |
r-oldrel-macos-x86_64 | 1.0.2 | OK | ||||
r-oldrel-windows-ix86+x86_64 | 1.0.2 | 75.00 | 82.00 | 157.00 | OK |
Version: 1.0.2
Check: tests
Result: ERROR
Running ‘testthat.R’ [17s/21s]
Running the tests in ‘tests/testthat.R’ failed.
Complete output:
> library(testthat)
> library(RCSF)
>
> test_check("RCSF")
── FAILURE (test-CSF.R:7:3): csf algorithm works ───────────────────────────────
length(id_ground) %in% c(15459L, 15453L) is not TRUE
`actual`: FALSE
`expected`: TRUE
══ testthat results ═══════════════════════════════════════════════════════════
FAILURE (test-CSF.R:7:3): csf algorithm works
[ FAIL 1 | WARN 0 | SKIP 0 | PASS 0 ]
Error: Test failures
Execution halted
Flavor: r-patched-solaris-x86