CRAN Package Check Results for Package RCBR

Last updated on 2020-12-04 00:48:31 CET.

Flavor Version Tinstall Tcheck Ttotal Status Flags
r-devel-linux-x86_64-debian-clang 0.5.9 9.76 65.92 75.68 OK
r-devel-linux-x86_64-debian-gcc 0.5.9 7.96 53.40 61.36 OK
r-devel-linux-x86_64-fedora-clang 0.5.9 96.89 OK
r-devel-linux-x86_64-fedora-gcc 0.5.9 90.67 OK
r-devel-windows-ix86+x86_64 0.5.9 22.00 81.00 103.00 OK
r-patched-linux-x86_64 0.5.9 8.69 62.97 71.66 OK
r-release-linux-x86_64 0.5.9 8.97 61.68 70.65 OK
r-release-macos-x86_64 0.5.9 OK
r-release-windows-ix86+x86_64 0.5.9 11.00 89.00 100.00 OK
r-oldrel-macos-x86_64 0.5.9 OK
r-oldrel-windows-ix86+x86_64 0.5.9 1.00 7.00 8.00 ERROR

Check Details

Version: 0.5.9
Check: package dependencies
Result: ERROR
    Package required but not available: 'REBayes'
    
    See section 'The DESCRIPTION file' in the 'Writing R Extensions'
    manual.
Flavor: r-oldrel-windows-ix86+x86_64