Last updated on 2020-12-04 00:48:31 CET.
Flavor | Version | Tinstall | Tcheck | Ttotal | Status | Flags |
---|---|---|---|---|---|---|
r-devel-linux-x86_64-debian-clang | 2.1-21 | 4.34 | 44.36 | 48.70 | NOTE | |
r-devel-linux-x86_64-debian-gcc | 2.1-21 | 3.94 | 34.91 | 38.85 | NOTE | |
r-devel-linux-x86_64-fedora-clang | 2.1-21 | 67.30 | OK | |||
r-devel-linux-x86_64-fedora-gcc | 2.1-21 | 59.53 | OK | |||
r-devel-windows-ix86+x86_64 | 2.1-21 | 8.00 | 64.00 | 72.00 | OK | |
r-patched-linux-x86_64 | 2.1-21 | 4.44 | 42.81 | 47.25 | NOTE | |
r-patched-solaris-x86 | 2.1-21 | 83.10 | NOTE | |||
r-release-linux-x86_64 | 2.1-21 | 4.25 | 43.78 | 48.03 | NOTE | |
r-release-macos-x86_64 | 2.1-21 | NOTE | ||||
r-release-windows-ix86+x86_64 | 2.1-21 | 7.00 | 70.00 | 77.00 | OK | |
r-oldrel-macos-x86_64 | 2.1-21 | NOTE | ||||
r-oldrel-windows-ix86+x86_64 | 2.1-21 | 6.00 | 66.00 | 72.00 | OK |
Version: 2.1-21
Check: R code for possible problems
Result: NOTE
Found the following calls to attach():
File 'R2WinBUGS/R/attach.all.R':
attach(x, name = name)
See section 'Good practice' in '?attach'.
Flavors: r-devel-linux-x86_64-debian-clang, r-devel-linux-x86_64-debian-gcc, r-patched-linux-x86_64, r-release-linux-x86_64
Version: 2.1-21
Check: package dependencies
Result: NOTE
Package suggested but not available for checking: ‘BRugs’
Flavors: r-patched-solaris-x86, r-release-macos-x86_64, r-oldrel-macos-x86_64
Version: 2.1-21
Check: Rd cross-references
Result: NOTE
Package unavailable to check Rd xrefs: ‘BRugs’
Flavors: r-release-macos-x86_64, r-oldrel-macos-x86_64