Last updated on 2020-12-04 00:48:31 CET.
Flavor | Version | Tinstall | Tcheck | Ttotal | Status | Flags |
---|---|---|---|---|---|---|
r-devel-linux-x86_64-debian-clang | 0.8-7 | 53.19 | 192.30 | 245.49 | OK | |
r-devel-linux-x86_64-debian-gcc | 0.8-7 | 47.67 | 144.81 | 192.48 | OK | |
r-devel-linux-x86_64-fedora-clang | 0.8-7 | 307.23 | NOTE | |||
r-devel-linux-x86_64-fedora-gcc | 0.8-7 | 327.10 | OK | |||
r-devel-windows-ix86+x86_64 | 0.8-7 | 98.00 | 216.00 | 314.00 | OK | |
r-patched-linux-x86_64 | 0.8-7 | 50.27 | 173.41 | 223.68 | OK | |
r-release-linux-x86_64 | 0.8-7 | 50.31 | 175.60 | 225.91 | OK | |
r-release-macos-x86_64 | 0.8-7 | OK | ||||
r-release-windows-ix86+x86_64 | 0.8-7 | 70.00 | 174.00 | 244.00 | OK | |
r-oldrel-macos-x86_64 | 0.8-7 | OK | ||||
r-oldrel-windows-ix86+x86_64 | 0.8-7 | 74.00 | 207.00 | 281.00 | OK |
Version: 0.8-7
Check: Rd cross-references
Result: NOTE
Undeclared package ‘generics’ in Rd xrefs
Flavor: r-devel-linux-x86_64-fedora-clang