CRAN Package Check Results for Package R2Addhaz

Last updated on 2020-12-04 00:48:30 CET.

Flavor Version Tinstall Tcheck Ttotal Status Flags
r-devel-linux-x86_64-debian-clang 0.1.0 2.78 28.02 30.80 OK
r-devel-linux-x86_64-debian-gcc 0.1.0 2.34 22.50 24.84 OK
r-devel-linux-x86_64-fedora-clang 0.1.0 43.29 NOTE
r-devel-linux-x86_64-fedora-gcc 0.1.0 34.28 NOTE
r-devel-windows-ix86+x86_64 0.1.0 5.00 43.00 48.00 OK
r-patched-linux-x86_64 0.1.0 2.70 27.40 30.10 OK
r-patched-solaris-x86 0.1.0 51.10 NOTE
r-release-linux-x86_64 0.1.0 2.85 27.72 30.57 OK
r-release-macos-x86_64 0.1.0 NOTE
r-release-windows-ix86+x86_64 0.1.0 4.00 46.00 50.00 OK
r-oldrel-macos-x86_64 0.1.0 NOTE
r-oldrel-windows-ix86+x86_64 0.1.0 3.00 42.00 45.00 OK

Check Details

Version: 0.1.0
Check: dependencies in R code
Result: NOTE
    Namespaces in Imports field not imported from:
     ‘pracma’ ‘zoo’
     All declared Imports should be used.
Flavors: r-devel-linux-x86_64-fedora-clang, r-devel-linux-x86_64-fedora-gcc, r-patched-solaris-x86, r-release-macos-x86_64, r-oldrel-macos-x86_64