CRAN Package Check Results for Package R.rsp

Last updated on 2020-12-04 00:48:30 CET.

Flavor Version Tinstall Tcheck Ttotal Status Flags
r-devel-linux-x86_64-debian-clang 0.44.0 15.28 158.78 174.06 OK
r-devel-linux-x86_64-debian-gcc 0.44.0 11.09 124.95 136.04 OK
r-devel-linux-x86_64-fedora-clang 0.44.0 218.13 OK
r-devel-linux-x86_64-fedora-gcc 0.44.0 216.05 OK
r-devel-windows-ix86+x86_64 0.44.0 23.00 387.00 410.00 OK
r-patched-linux-x86_64 0.44.0 14.89 157.10 171.99 OK
r-patched-solaris-x86 0.44.0 284.70 OK
r-release-linux-x86_64 0.44.0 13.16 157.47 170.63 OK
r-release-macos-x86_64 0.44.0 OK
r-release-windows-ix86+x86_64 0.44.0 19.00 430.00 449.00 OK
r-oldrel-macos-x86_64 0.44.0 NOTE
r-oldrel-windows-ix86+x86_64 0.44.0 17.00 395.00 412.00 OK

Check Details

Version: 0.44.0
Check: dependencies in R code
Result: NOTE
    No protocol specified
    No protocol specified
Flavor: r-oldrel-macos-x86_64