CRAN Package Check Results for Package QuantumClone

Last updated on 2020-12-04 00:48:30 CET.

Flavor Version Tinstall Tcheck Ttotal Status Flags
r-devel-linux-x86_64-debian-clang 1.0.0.6 12.61 134.66 147.27 NOTE
r-devel-linux-x86_64-debian-gcc 1.0.0.6 9.87 99.86 109.73 NOTE
r-devel-linux-x86_64-fedora-clang 1.0.0.6 177.71 NOTE
r-devel-linux-x86_64-fedora-gcc 1.0.0.6 180.27 NOTE
r-devel-windows-ix86+x86_64 1.0.0.6 26.00 162.00 188.00 OK
r-patched-linux-x86_64 1.0.0.6 12.51 126.76 139.27 NOTE
r-patched-solaris-x86 1.0.0.6 238.10 NOTE
r-release-linux-x86_64 1.0.0.6 13.23 124.80 138.03 NOTE
r-release-macos-x86_64 1.0.0.6 OK
r-release-windows-ix86+x86_64 1.0.0.6 21.00 131.00 152.00 OK
r-oldrel-macos-x86_64 1.0.0.6 OK
r-oldrel-windows-ix86+x86_64 1.0.0.6 26.00 156.00 182.00 OK

Check Details

Version: 1.0.0.6
Check: for non-standard things in the check directory
Result: NOTE
    Found the following files/directories:
     'Example'
Flavors: r-devel-linux-x86_64-debian-clang, r-devel-linux-x86_64-debian-gcc, r-devel-linux-x86_64-fedora-clang, r-devel-linux-x86_64-fedora-gcc, r-patched-linux-x86_64, r-patched-solaris-x86, r-release-linux-x86_64