CRAN Package Check Results for Package QUALYPSO

Last updated on 2020-12-04 00:48:30 CET.

Flavor Version Tinstall Tcheck Ttotal Status Flags
r-devel-linux-x86_64-debian-clang 1.2 4.08 35.80 39.88 OK
r-devel-linux-x86_64-debian-gcc 1.2 3.64 28.70 32.34 OK
r-devel-linux-x86_64-fedora-clang 1.2 56.10 NOTE
r-devel-linux-x86_64-fedora-gcc 1.2 47.62 NOTE
r-devel-windows-ix86+x86_64 1.2 8.00 55.00 63.00 OK
r-patched-linux-x86_64 1.2 3.87 35.80 39.67 OK
r-patched-solaris-x86 1.2 71.40 NOTE
r-release-linux-x86_64 1.2 3.77 34.79 38.56 OK
r-release-macos-x86_64 1.2 NOTE
r-release-windows-ix86+x86_64 1.2 7.00 62.00 69.00 OK
r-oldrel-macos-x86_64 1.2 NOTE
r-oldrel-windows-ix86+x86_64 1.2 6.00 53.00 59.00 OK

Check Details

Version: 1.2
Check: dependencies in R code
Result: NOTE
    Namespace in Imports field not imported from: ‘methods’
     All declared Imports should be used.
Flavors: r-devel-linux-x86_64-fedora-clang, r-devel-linux-x86_64-fedora-gcc, r-patched-solaris-x86, r-release-macos-x86_64, r-oldrel-macos-x86_64