CRAN Package Check Results for Package QBAsyDist

Last updated on 2020-12-04 00:48:30 CET.

Flavor Version Tinstall Tcheck Ttotal Status Flags
r-devel-linux-x86_64-debian-clang 0.1.2 13.53 96.77 110.30 NOTE
r-devel-linux-x86_64-debian-gcc 0.1.2 11.93 74.65 86.58 NOTE
r-devel-linux-x86_64-fedora-clang 0.1.2 139.15 NOTE
r-devel-linux-x86_64-fedora-gcc 0.1.2 136.22 NOTE
r-devel-windows-ix86+x86_64 0.1.2 26.00 120.00 146.00 OK
r-patched-linux-x86_64 0.1.2 13.04 91.15 104.19 NOTE
r-patched-solaris-x86 0.1.2 187.60 NOTE
r-release-linux-x86_64 0.1.2 12.00 91.03 103.03 NOTE
r-release-macos-x86_64 0.1.2 OK
r-release-windows-ix86+x86_64 0.1.2 21.00 128.00 149.00 OK
r-oldrel-macos-x86_64 0.1.2 OK
r-oldrel-windows-ix86+x86_64 0.1.2 20.00 109.00 129.00 OK

Check Details

Version: 0.1.2
Check: Rd cross-references
Result: NOTE
    Unknown package 'HURDAT' in Rd xrefs
Flavors: r-devel-linux-x86_64-debian-clang, r-devel-linux-x86_64-debian-gcc, r-devel-linux-x86_64-fedora-gcc, r-patched-linux-x86_64, r-patched-solaris-x86, r-release-linux-x86_64

Version: 0.1.2
Check: Rd cross-references
Result: NOTE
    Undeclared package ‘HURDAT’ in Rd xrefs
    Unknown package ‘HURDAT’ in Rd xrefs
Flavor: r-devel-linux-x86_64-fedora-clang