Last updated on 2020-12-04 00:48:30 CET.
Flavor | Version | Tinstall | Tcheck | Ttotal | Status | Flags |
---|---|---|---|---|---|---|
r-devel-linux-x86_64-debian-clang | 0.1.0 | 6.47 | 45.41 | 51.88 | NOTE | |
r-devel-linux-x86_64-debian-gcc | 0.1.0 | 5.34 | 35.68 | 41.02 | NOTE | |
r-devel-linux-x86_64-fedora-clang | 0.1.0 | 72.40 | NOTE | |||
r-devel-linux-x86_64-fedora-gcc | 0.1.0 | 60.92 | NOTE | |||
r-devel-windows-ix86+x86_64 | 0.1.0 | 11.00 | 61.00 | 72.00 | NOTE | |
r-patched-linux-x86_64 | 0.1.0 | 5.65 | 44.28 | 49.93 | NOTE | |
r-patched-solaris-x86 | 0.1.0 | 98.50 | NOTE | |||
r-release-linux-x86_64 | 0.1.0 | 5.69 | 44.26 | 49.95 | NOTE | |
r-release-macos-x86_64 | 0.1.0 | OK | ||||
r-release-windows-ix86+x86_64 | 0.1.0 | 13.00 | 51.00 | 64.00 | NOTE | |
r-oldrel-macos-x86_64 | 0.1.0 | OK | ||||
r-oldrel-windows-ix86+x86_64 | 0.1.0 | 8.00 | 62.00 | 70.00 | OK |
Version: 0.1.0
Check: package vignettes
Result: NOTE
Package vignette with placeholder title 'Vignette Title':
'priorcd.Rmd'
Flavors: r-devel-linux-x86_64-debian-clang, r-devel-linux-x86_64-debian-gcc, r-devel-windows-ix86+x86_64, r-patched-linux-x86_64, r-release-linux-x86_64, r-release-windows-ix86+x86_64
Version: 0.1.0
Check: for non-standard things in the check directory
Result: NOTE
Found the following files/directories:
'network.html' 'network_files'
Flavors: r-devel-linux-x86_64-debian-clang, r-devel-linux-x86_64-debian-gcc, r-devel-linux-x86_64-fedora-clang, r-devel-linux-x86_64-fedora-gcc, r-patched-linux-x86_64, r-patched-solaris-x86, r-release-linux-x86_64