CRAN Package Check Results for Package PortfolioEffectEstim

Last updated on 2020-12-04 00:48:30 CET.

Flavor Version Tinstall Tcheck Ttotal Status Flags
r-devel-linux-x86_64-debian-clang 1.4 7.93 72.13 80.06 OK
r-devel-linux-x86_64-debian-gcc 1.4 6.55 53.65 60.20 OK
r-devel-linux-x86_64-fedora-clang 1.4 100.06 OK
r-devel-linux-x86_64-fedora-gcc 1.4 93.58 OK
r-devel-windows-ix86+x86_64 1.4 17.00 94.00 111.00 OK
r-patched-linux-x86_64 1.4 7.74 67.38 75.12 OK
r-patched-solaris-x86 1.4 126.90 OK
r-release-linux-x86_64 1.4 7.28 64.83 72.11 OK
r-release-macos-x86_64 1.4 OK
r-release-windows-ix86+x86_64 1.4 13.00 96.00 109.00 OK
r-oldrel-macos-x86_64 1.4 OK
r-oldrel-windows-ix86+x86_64 1.4 8.00 6.00 14.00 ERROR

Check Details

Version: 1.4
Check: whether package can be installed
Result: ERROR
    Installation failed.
Flavor: r-oldrel-windows-ix86+x86_64