Last updated on 2020-12-04 00:48:29 CET.
Flavor | Version | Tinstall | Tcheck | Ttotal | Status | Flags |
---|---|---|---|---|---|---|
r-devel-linux-x86_64-debian-clang | 0.1.6 | 7.49 | 61.30 | 68.79 | NOTE | |
r-devel-linux-x86_64-debian-gcc | 0.1.6 | 6.05 | 46.21 | 52.26 | NOTE | |
r-devel-linux-x86_64-fedora-clang | 0.1.6 | 86.64 | NOTE | |||
r-devel-linux-x86_64-fedora-gcc | 0.1.6 | 80.01 | NOTE | |||
r-devel-windows-ix86+x86_64 | 0.1.6 | 17.00 | 82.00 | 99.00 | OK | |
r-patched-linux-x86_64 | 0.1.6 | 7.39 | 56.50 | 63.89 | NOTE | |
r-patched-solaris-x86 | 0.1.6 | 113.50 | NOTE | |||
r-release-linux-x86_64 | 0.1.6 | 7.08 | 56.80 | 63.88 | NOTE | |
r-release-macos-x86_64 | 0.1.6 | OK | ||||
r-release-windows-ix86+x86_64 | 0.1.6 | 13.00 | 63.00 | 76.00 | OK | |
r-oldrel-macos-x86_64 | 0.1.6 | OK | ||||
r-oldrel-windows-ix86+x86_64 | 0.1.6 | 12.00 | 82.00 | 94.00 | OK |
Version: 0.1.6
Check: for non-standard things in the check directory
Result: NOTE
Found the following files/directories:
'P2Run.csv' 'P2Run.html' 'P2Run.png'
Flavors: r-devel-linux-x86_64-debian-clang, r-devel-linux-x86_64-debian-gcc, r-devel-linux-x86_64-fedora-clang, r-devel-linux-x86_64-fedora-gcc, r-patched-linux-x86_64, r-release-linux-x86_64
Version: 0.1.6
Check: for non-standard things in the check directory
Result: NOTE
Found the following files/directories:
‘P2Run.csv’ ‘P2Run.png’
Flavor: r-patched-solaris-x86