CRAN Package Check Results for Package PlasmaMutationDetector

Last updated on 2020-12-04 00:48:29 CET.

Flavor Version Tinstall Tcheck Ttotal Status Flags
r-devel-linux-x86_64-debian-clang 1.7.2 46.01 412.28 458.29 OK
r-devel-linux-x86_64-debian-gcc 1.7.2 40.63 315.07 355.70 OK
r-devel-linux-x86_64-fedora-clang 1.7.2 563.99 OK
r-devel-linux-x86_64-fedora-gcc 1.7.2 596.52 OK
r-devel-windows-ix86+x86_64 1.7.2 107.00 429.00 536.00 OK
r-patched-linux-x86_64 1.7.2 46.35 391.99 438.34 OK
r-patched-solaris-x86 1.7.2 805.50 OK
r-release-linux-x86_64 1.7.2 49.33 382.95 432.28 OK
r-release-macos-x86_64 1.7.2 OK
r-release-windows-ix86+x86_64 1.7.2 83.00 339.00 422.00 OK
r-oldrel-macos-x86_64 1.7.2 ERROR
r-oldrel-windows-ix86+x86_64 1.7.2 93.00 417.00 510.00 OK

Check Details

Version: 1.7.2
Check: whether package can be installed
Result: ERROR
    Installation failed.
Flavor: r-oldrel-macos-x86_64