Last updated on 2020-12-04 00:48:29 CET.
Flavor | Version | Tinstall | Tcheck | Ttotal | Status | Flags |
---|---|---|---|---|---|---|
r-devel-linux-x86_64-debian-clang | 1.0 | 2.62 | 23.98 | 26.60 | NOTE | |
r-devel-linux-x86_64-debian-gcc | 1.0 | 2.18 | 18.69 | 20.87 | NOTE | |
r-devel-linux-x86_64-fedora-clang | 1.0 | 38.45 | NOTE | |||
r-devel-linux-x86_64-fedora-gcc | 1.0 | 29.27 | NOTE | |||
r-devel-windows-ix86+x86_64 | 1.0 | 5.00 | 38.00 | 43.00 | NOTE | |
r-patched-linux-x86_64 | 1.0 | 2.50 | 22.51 | 25.01 | NOTE | |
r-patched-solaris-x86 | 1.0 | 45.20 | NOTE | |||
r-release-linux-x86_64 | 1.0 | 2.52 | 22.80 | 25.32 | NOTE | |
r-release-macos-x86_64 | 1.0 | NOTE | ||||
r-release-windows-ix86+x86_64 | 1.0 | 6.00 | 38.00 | 44.00 | NOTE | |
r-oldrel-macos-x86_64 | 1.0 | NOTE | ||||
r-oldrel-windows-ix86+x86_64 | 1.0 | 7.00 | 44.00 | 51.00 | NOTE |
Version: 1.0
Check: R code for possible problems
Result: NOTE
PharmPow_crossover: no visible global function definition for
'read.table'
PharmPow_crossover: no visible global function definition for
'write.csv'
PharmPow_crossover: no visible global function definition for 'pdf'
PharmPow_crossover: no visible global function definition for 'dev.off'
PharmPow_parallel: no visible global function definition for
'read.table'
PharmPow_parallel: no visible global function definition for
'write.csv'
PharmPow_parallel: no visible global function definition for 'pdf'
PharmPow_parallel: no visible global function definition for 'dev.off'
fig_PharmPow_crossover: no visible global function definition for
'read.csv'
fig_PharmPow_parallel: no visible global function definition for
'read.csv'
Undefined global functions or variables:
dev.off pdf read.csv read.table write.csv
Consider adding
importFrom("grDevices", "dev.off", "pdf")
importFrom("utils", "read.csv", "read.table", "write.csv")
to your NAMESPACE file.
Flavors: r-devel-linux-x86_64-debian-clang, r-devel-linux-x86_64-debian-gcc, r-devel-linux-x86_64-fedora-clang, r-devel-linux-x86_64-fedora-gcc, r-devel-windows-ix86+x86_64, r-patched-linux-x86_64, r-patched-solaris-x86, r-release-linux-x86_64, r-release-macos-x86_64, r-release-windows-ix86+x86_64, r-oldrel-macos-x86_64, r-oldrel-windows-ix86+x86_64
Version: 1.0
Check: installed package size
Result: NOTE
installed size is 5.5Mb
sub-directories of 1Mb or more:
extdata 5.5Mb
Flavor: r-patched-solaris-x86