Last updated on 2020-12-04 00:48:29 CET.
Flavor | Version | Tinstall | Tcheck | Ttotal | Status | Flags |
---|---|---|---|---|---|---|
r-devel-linux-x86_64-debian-clang | 2.4.3 | 19.57 | 35.60 | 55.17 | OK | |
r-devel-linux-x86_64-debian-gcc | 2.4.3 | 12.31 | 28.38 | 40.69 | OK | |
r-devel-linux-x86_64-fedora-clang | 2.4.3 | 81.13 | OK | |||
r-devel-linux-x86_64-fedora-gcc | 2.4.3 | 65.41 | OK | |||
r-devel-windows-ix86+x86_64 | 2.4.3 | 42.00 | 82.00 | 124.00 | NOTE | |
r-patched-linux-x86_64 | 2.4.3 | 15.19 | 35.48 | 50.67 | OK | |
r-patched-solaris-x86 | 2.4.3 | 78.90 | OK | |||
r-release-linux-x86_64 | 2.4.3 | 15.43 | 34.88 | 50.31 | OK | |
r-release-macos-x86_64 | 2.4.3 | OK | ||||
r-release-windows-ix86+x86_64 | 2.4.3 | 38.00 | 72.00 | 110.00 | NOTE | |
r-oldrel-macos-x86_64 | 2.4.3 | OK | ||||
r-oldrel-windows-ix86+x86_64 | 2.4.3 | 37.00 | 78.00 | 115.00 | OK |
Version: 2.4.3
Check: installed package size
Result: NOTE
installed size is 5.5Mb
sub-directories of 1Mb or more:
libs 2.0Mb
xvg-files 3.2Mb
Flavors: r-devel-windows-ix86+x86_64, r-release-windows-ix86+x86_64